hat is the remainder when 417 is divided by 13?
1
What is the remainder when 136 is divided by 30?
16
Calculate the remainder when 783 is divided by 28.
27
Calculate the remainder when 35435 is divided by 26.
23
What is the remainder when 1094 is divided by 138?
128
Calculate the remainder when 594 is divided by 16.
2
Calculate the remainder when 490 is divided by 14.
0
What is the remainder when 2088 is divided by 110?
108
What is the remainder when 1504 is divided by 29?
25
Calculate the remainder when 124 is divided by 45.
34
Calculate the remainder when 80 is divided by 25.
5
Calculate the remainder when 3429 is divided by 73.
71
Calculate the remainder when 364 is divided by 37.
31
What is the remainder when 433 is divided by 102?
25
What is the remainder when 45 is divided by 20?
5
What is the remainder when 4226 is divided by 6?
2
Calculate the remainder when 2856 is divided by 406.
14
What is the remainder when 59 is divided by 21?
17
What is the remainder when 238 is divided by 61?
55
What is the remainder when 1846 is divided by 7?
5
What is the remainder when 274 is divided by 99?
76
What is the remainder when 8 is divided by 1?
0
Calculate the remainder when 3440 is divided by 111.
110
What is the remainder when 160 is divided by 44?
28
Calculate the remainder when 1324 is divided by 11.
4
Calculate the remainder when 58 is divided by 23.
12
What is the remainder when 1455 is divided by 290?
5
What is the remainder when 532 is divided by 9?
1
What is the remainder when 65 is divided by 50?
15
What is the remainder when 956 is divided by 7?
4
Calculate the remainder when 3728 is divided by 104.
88
Calculate the remainder when 262 is divided by 7.
3
Calculate the remainder when 382 is divided by 114.
40
Calculate the remainder when 615 is divided by 58.
35
What is the remainder when 810 is divided by 7?
5
Calculate the remainder when 22 is divided by 8.
6
Calculate the remainder when 273 is divided by 102.
69
Calculate the remainder when 13515 is divided by 218.
217
Calculate the remainder when 206 is divided by 8.
6
Calculate the remainder when 1096 is divided by 17.
8
Calculate the remainder when 975 is divided by 89.
85
Calculate the remainder when 767 is divided by 22.
19
Calculate the remainder when 7650 is divided by 2546.
12
What is the remainder when 329 is divided by 30?
29
What is the remainder when 654 is divided by 73?
70
Calculate the remainder when 135 is divided by 119.
16
What is the remainder when 185 is divided by 66?
53
Calculate the remainder when 17511 is divided by 22.
21
What is the remainder when 12331 is divided by 24?
19
Calculate the remainder when 3838 is divided by 12.
10
Calculate the remainder when 1367 is divided by 455.
2
What is the remainder when 667 is divided by 131?
12
What is the remainder when 178 is divided by 167?
11
Calculate the remainder when 1967 is divided by 337.
282
Calculate the remainder when 775 is divided by 8.
7
What is the remainder when 10663 is divided by 237?
235
What is the remainder when 338 is divided by 68?
66
What is the remainder when 277 is divided by 82?
31
Calculate the remainder when 1667 is divided by 120.
107
What is the remainder when 1487 is divided by 110?
57
Calculate the remainder when 794 is divided by 25.
19
What is the remainder when 456 is divided by 196?
64
What is the remainder when 90 is divided by 12?
6
Calculate the remainder when 222 is divided by 47.
34
What is the remainder when 384 is divided by 8?
0
Calculate the remainder when 1904 is divided by 207.
41
Calculate the remainder when 255 is divided by 196.
59
Calculate the remainder when 3942 is divided by 6.
0
What is the remainder when 1094 is divided by 122?
118
Calculate the remainder when 2650 is divided by 39.
37
What is the remainder when 395 is divided by 151?
93
What is the remainder when 174 is divided by 8?
6
What is the remainder when 82 is divided by 22?
16
What is the remainder when 386 is divided by 39?
35
What is the remainder when 1799 is divided by 69?
5
Calculate the remainder when 56317 is divided by 11.
8
What is the remainder when 203 is divided by 55?
38
What is the remainder when 2797 is divided by 26?
15
Calculate the remainder when 1361 is divided by 31.
28
Calculate the remainder when 99 is divided by 50.
49
Calculate the remainder when 510 is divided by 73.
72
What is the remainder when 1713 is divided by 26?
23
What is the remainder when 276 is divided by 35?
31
Calculate the remainder when 794 is divided by 63.
38
Calculate the remainder when 774 is divided by 71.
64
What is the remainder when 4385 is divided by 275?
260
Calculate the remainder when 61 is divided by 40.
21
Calculate the remainder when 98 is divided by 88.
10
Calculate the remainder when 11977 is divided by 2992.
9
What is the remainder when 123 is divided by 108?
15
What is the remainder when 1088 is divided by 292?
212
Calculate the remainder when 94 is divided by 35.
24
What is the remainder when 158 is divided by 9?
5
Calculate the remainder when 3906 is divided by 774.
36
What is the remainder when 27 is divided by 14?
13
What is the remainder when 191 is divided by 40?
31
What is the remainder when 559 is divided by 11?
9
What is the remainder when 3874 is divided by 276?
10
Calculate the remainder when 4819 is divided by 30.
19
Calculate the remainder when 1591 is divided by 177.
175
What is the remainder when 521 is divided by 134?
119
What is the remainder when 4319 is divided by 144?
143
What is the remainder when 218 is divided by 92?
34
Calculate the remainder when 69 is divided by 42.
27
What is the remainder when 621 is divided by 26?
23
Calculate the remainder when 100 is divided by 30.
10
Calculate the remainder when 1943 is divided by 7.
4
Calculate the remainder when 712 is divided by 64.
8
What is the remainder when 52 is divided by 40?
12
Calculate the remainder when 421 is divided by 119.
64
What is the remainder when 295 is divided by 19?
10
Calculate the remainder when 635 is divided by 55.
30
What is the remainder when 1172 is divided by 378?
38
Calculate the remainder when 593 is divided by 22.
21
Calculate the remainder when 232 is divided by 72.
16
What is the remainder when 1493 is divided by 13?
11
Calculate the remainder when 1565 is divided by 37.
11
What is the remainder when 89 is divided by 28?
5
What is the remainder when 61 is divided by 34?
27
Calculate the remainder when 939 is divided by 5.
4
Calculate the remainder when 611 is divided by 17.
16
What is the remainder when 100 is divided by 26?
22
What is the remainder when 170 is divided by 33?
5
Calculate the remainder when 111 is divided by 54.
3
What is the remainder when 493 is divided by 54?
7
What is the remainder when 2760 is divided by 42?
30
What is the remainder when 252 is divided by 20?
12
Calculate the remainder when 1534 is divided by 53.
50
What is the remainder when 1725 is divided by 19?
15
What is the remainder when 30704 is divided by 89?
88
Calculate the remainder when 271 is divided by 91.
89
Calculate the remainder when 77 is divided by 53.
24
What is the remainder when 11357 is divided by 3785?
2
What is the remainder when 352 is divided by 21?
16
Calculate the remainder when 9384 is divided by 13.
11
What is the remainder when 676 is divided by 31?
25
Calculate the remainder when 5573 is divided by 136.
133
Calculate the remainder when 446 is divided by 31.
12
Calculate the remainder when 3724 is divided by 33.
28
Calculate the remainder when 508 is divided by 159.
31
What is the remainder when 564 is divided by 5?
4
What is the remainder when 1890 is divided by 126?
0
Calculate the remainder when 946 is divided by 19.
15
Calculate the remainder when 19948 is divided by 29.
25
What is the remainder when 544 is divided by 92?
84
Calculate the remainder when 537 is divided by 74.
19
Calculate the remainder when 286 is divided by 276.
10
What is the remainder when 985 is divided by 298?
91
Calculate the remainder when 574 is divided by 29.
23
Calculate the remainder when 145 is divided by 72.
1
What is the remainder when 541 is divided by 130?
21
Calculate the remainder when 2554 is divided by 35.
34
Calculate the remainder when 3326 is divided by 74.
70
What is the remainder when 2668 is